{"id":725,"date":"2024-01-15T12:05:23","date_gmt":"2024-01-15T12:05:23","guid":{"rendered":"https:\/\/ebuishak.org\/?page_id=725"},"modified":"2026-03-24T06:39:16","modified_gmt":"2026-03-24T06:39:16","slug":"kurban-bagis-kilavuzu","status":"publish","type":"page","link":"https:\/\/ebuishak.org\/index.php\/kurban-bagis-kilavuzu\/","title":{"rendered":"Kurban Ba\u011f\u0131\u015f K\u0131lavuzu"},"content":{"rendered":"\t\t<div data-elementor-type=\"wp-page\" data-elementor-id=\"725\" class=\"elementor elementor-725\">\n\t\t\t\t\t\t\t<div class=\"elementor-element elementor-element-425f2e3 e-flex e-con-boxed e-con e-parent\" data-id=\"425f2e3\" data-element_type=\"container\" data-settings=\"{&quot;content_width&quot;:&quot;boxed&quot;}\" data-core-v316-plus=\"true\">\n\t\t\t\t\t<div class=\"e-con-inner\">\n\t\t\t\t<div class=\"elementor-element elementor-element-135bedd elementor-widget elementor-widget-image\" data-id=\"135bedd\" data-element_type=\"widget\" data-widget_type=\"image.default\">\n\t\t\t\t<div class=\"elementor-widget-container\">\n\t\t\t<style>\/*! elementor - v3.18.0 - 20-12-2023 *\/\n.elementor-widget-image{text-align:center}.elementor-widget-image a{display:inline-block}.elementor-widget-image a img[src$=\".svg\"]{width:48px}.elementor-widget-image img{vertical-align:middle;display:inline-block}<\/style>\t\t\t\t\t\t\t\t\t\t\t\t<img fetchpriority=\"high\" decoding=\"async\" width=\"914\" height=\"1024\" src=\"https:\/\/ebuishak.org\/wp-content\/uploads\/2026\/03\/ADAK-KURBAN-afis-2026--914x1024.jpg\" class=\"attachment-large size-large wp-image-1002\" alt=\"\" srcset=\"https:\/\/ebuishak.org\/wp-content\/uploads\/2026\/03\/ADAK-KURBAN-afis-2026--914x1024.jpg 914w, https:\/\/ebuishak.org\/wp-content\/uploads\/2026\/03\/ADAK-KURBAN-afis-2026--268x300.jpg 268w, https:\/\/ebuishak.org\/wp-content\/uploads\/2026\/03\/ADAK-KURBAN-afis-2026--768x860.jpg 768w, https:\/\/ebuishak.org\/wp-content\/uploads\/2026\/03\/ADAK-KURBAN-afis-2026-.jpg 1000w\" sizes=\"(max-width: 914px) 100vw, 914px\" \/>\t\t\t\t\t\t\t\t\t\t\t\t\t\t\t<\/div>\n\t\t\t\t<\/div>\n\t\t\t\t\t<\/div>\n\t\t\t\t<\/div>\n\t\t<div class=\"elementor-element elementor-element-276bab0 e-flex e-con-boxed e-con e-parent\" data-id=\"276bab0\" data-element_type=\"container\" data-settings=\"{&quot;content_width&quot;:&quot;boxed&quot;}\" data-core-v316-plus=\"true\">\n\t\t\t\t\t<div class=\"e-con-inner\">\n\t\t\t\t<div class=\"elementor-element elementor-element-299335f elementor-widget elementor-widget-image\" data-id=\"299335f\" data-element_type=\"widget\" data-widget_type=\"image.default\">\n\t\t\t\t<div class=\"elementor-widget-container\">\n\t\t\t\t\t\t\t\t\t\t\t\t\t\t\t<img decoding=\"async\" width=\"768\" height=\"1105\" src=\"https:\/\/ebuishak.org\/wp-content\/uploads\/2024\/01\/133x194mm-a5-ebu-ishak-vakfi-2023-faaliyetler-ARKA-SAYFA-guncel-768x1105.jpg\" class=\"attachment-medium_large size-medium_large wp-image-727\" alt=\"\" srcset=\"https:\/\/ebuishak.org\/wp-content\/uploads\/2024\/01\/133x194mm-a5-ebu-ishak-vakfi-2023-faaliyetler-ARKA-SAYFA-guncel-768x1105.jpg 768w, https:\/\/ebuishak.org\/wp-content\/uploads\/2024\/01\/133x194mm-a5-ebu-ishak-vakfi-2023-faaliyetler-ARKA-SAYFA-guncel-209x300.jpg 209w, https:\/\/ebuishak.org\/wp-content\/uploads\/2024\/01\/133x194mm-a5-ebu-ishak-vakfi-2023-faaliyetler-ARKA-SAYFA-guncel-712x1024.jpg 712w, https:\/\/ebuishak.org\/wp-content\/uploads\/2024\/01\/133x194mm-a5-ebu-ishak-vakfi-2023-faaliyetler-ARKA-SAYFA-guncel-1068x1536.jpg 1068w, https:\/\/ebuishak.org\/wp-content\/uploads\/2024\/01\/133x194mm-a5-ebu-ishak-vakfi-2023-faaliyetler-ARKA-SAYFA-guncel-1424x2048.jpg 1424w, https:\/\/ebuishak.org\/wp-content\/uploads\/2024\/01\/133x194mm-a5-ebu-ishak-vakfi-2023-faaliyetler-ARKA-SAYFA-guncel.jpg 1642w\" sizes=\"(max-width: 768px) 100vw, 768px\" \/>\t\t\t\t\t\t\t\t\t\t\t\t\t\t\t<\/div>\n\t\t\t\t<\/div>\n\t\t\t\t\t<\/div>\n\t\t\t\t<\/div>\n\t\t\t\t\t\t\t<\/div>\n\t\t","protected":false},"excerpt":{"rendered":"","protected":false},"author":1,"featured_media":0,"parent":0,"menu_order":0,"comment_status":"closed","ping_status":"closed","template":"","meta":{"footnotes":""},"_links":{"self":[{"href":"https:\/\/ebuishak.org\/index.php\/wp-json\/wp\/v2\/pages\/725"}],"collection":[{"href":"https:\/\/ebuishak.org\/index.php\/wp-json\/wp\/v2\/pages"}],"about":[{"href":"https:\/\/ebuishak.org\/index.php\/wp-json\/wp\/v2\/types\/page"}],"author":[{"embeddable":true,"href":"https:\/\/ebuishak.org\/index.php\/wp-json\/wp\/v2\/users\/1"}],"replies":[{"embeddable":true,"href":"https:\/\/ebuishak.org\/index.php\/wp-json\/wp\/v2\/comments?post=725"}],"version-history":[{"count":34,"href":"https:\/\/ebuishak.org\/index.php\/wp-json\/wp\/v2\/pages\/725\/revisions"}],"predecessor-version":[{"id":1005,"href":"https:\/\/ebuishak.org\/index.php\/wp-json\/wp\/v2\/pages\/725\/revisions\/1005"}],"wp:attachment":[{"href":"https:\/\/ebuishak.org\/index.php\/wp-json\/wp\/v2\/media?parent=725"}],"curies":[{"name":"wp","href":"https:\/\/api.w.org\/{rel}","templated":true}]}}