{"id":14,"date":"2015-01-13T17:52:24","date_gmt":"2015-01-13T17:52:24","guid":{"rendered":"http:\/\/demo.safirtema.com\/safirkurumsal\/?page_id=14"},"modified":"2024-01-10T10:15:18","modified_gmt":"2024-01-10T10:15:18","slug":"basinda-biz","status":"publish","type":"page","link":"https:\/\/ebuishak.org\/index.php\/basinda-biz\/","title":{"rendered":"Bas\u0131nda Biz"},"content":{"rendered":"\t\t<div data-elementor-type=\"wp-page\" data-elementor-id=\"14\" class=\"elementor elementor-14\">\n\t\t\t\t\t\t\t<div class=\"elementor-element elementor-element-3172397 e-flex e-con-boxed e-con e-parent\" data-id=\"3172397\" data-element_type=\"container\" data-settings=\"{&quot;content_width&quot;:&quot;boxed&quot;}\" data-core-v316-plus=\"true\">\n\t\t\t\t\t<div class=\"e-con-inner\">\n\t\t\t\t<div class=\"elementor-element elementor-element-8336ea9 elementor-widget elementor-widget-image\" data-id=\"8336ea9\" data-element_type=\"widget\" data-widget_type=\"image.default\">\n\t\t\t\t<div class=\"elementor-widget-container\">\n\t\t\t<style>\/*! elementor - v3.18.0 - 20-12-2023 *\/\n.elementor-widget-image{text-align:center}.elementor-widget-image a{display:inline-block}.elementor-widget-image a img[src$=\".svg\"]{width:48px}.elementor-widget-image img{vertical-align:middle;display:inline-block}<\/style>\t\t\t\t\t\t\t\t\t\t\t\t<img fetchpriority=\"high\" decoding=\"async\" width=\"1024\" height=\"676\" src=\"https:\/\/ebuishak.org\/wp-content\/uploads\/2024\/01\/resim_2024-01-10_131307011-1024x676.png\" class=\"attachment-large size-large wp-image-603\" alt=\"\" srcset=\"https:\/\/ebuishak.org\/wp-content\/uploads\/2024\/01\/resim_2024-01-10_131307011-1024x676.png 1024w, https:\/\/ebuishak.org\/wp-content\/uploads\/2024\/01\/resim_2024-01-10_131307011-300x198.png 300w, https:\/\/ebuishak.org\/wp-content\/uploads\/2024\/01\/resim_2024-01-10_131307011-768x507.png 768w, https:\/\/ebuishak.org\/wp-content\/uploads\/2024\/01\/resim_2024-01-10_131307011.png 1041w\" sizes=\"(max-width: 1024px) 100vw, 1024px\" \/>\t\t\t\t\t\t\t\t\t\t\t\t\t\t\t<\/div>\n\t\t\t\t<\/div>\n\t\t\t\t\t<\/div>\n\t\t\t\t<\/div>\n\t\t<div class=\"elementor-element elementor-element-4bb32826 e-flex e-con-boxed e-con e-parent\" data-id=\"4bb32826\" data-element_type=\"container\" data-settings=\"{&quot;content_width&quot;:&quot;boxed&quot;}\" data-core-v316-plus=\"true\">\n\t\t\t\t\t<div class=\"e-con-inner\">\n\t\t\t\t<div class=\"elementor-element elementor-element-1e70cbbe elementor-widget elementor-widget-text-editor\" data-id=\"1e70cbbe\" data-element_type=\"widget\" data-widget_type=\"text-editor.default\">\n\t\t\t\t<div class=\"elementor-widget-container\">\n\t\t\t<style>\/*! elementor - v3.18.0 - 20-12-2023 *\/\n.elementor-widget-text-editor.elementor-drop-cap-view-stacked .elementor-drop-cap{background-color:#69727d;color:#fff}.elementor-widget-text-editor.elementor-drop-cap-view-framed .elementor-drop-cap{color:#69727d;border:3px solid;background-color:transparent}.elementor-widget-text-editor:not(.elementor-drop-cap-view-default) .elementor-drop-cap{margin-top:8px}.elementor-widget-text-editor:not(.elementor-drop-cap-view-default) .elementor-drop-cap-letter{width:1em;height:1em}.elementor-widget-text-editor .elementor-drop-cap{float:left;text-align:center;line-height:1;font-size:50px}.elementor-widget-text-editor .elementor-drop-cap-letter{display:inline-block}<\/style>\t\t\t\t<p><!-- wp:paragraph --><\/p>\n<p>Vakf\u0131n isminin \u00e7\u0131k\u0131\u015f \u00f6yk\u00fcs\u00fcn\u00fc de anlatan Vak\u0131f Ba\u015fkan\u0131 Mahmut Y\u0131lmaz, Vakf\u0131n \u0130smi \u201cEbu \u0130shak Kazeruni Hazretlerinden gelir. Bu zat \u0130ran b\u00f6lgesinde 600\u2019l\u00fc y\u0131llarda ya\u015fam\u0131\u015f. \u0130lk M\u00fcsl\u00fcmanlardan biri. Kendisini hay\u0131r i\u015flerine vakfetmi\u015f. Fakir fukaraya ula\u015fmak i\u00e7in hayat\u0131n\u0131 adam\u0131\u015f. Vak\u0131f adam\u0131 olarak bunlar\u0131 y\u00fcr\u00fctm\u00fc\u015f. Sonra ad\u0131yla Anadolu\u2019da bir\u00e7ok ilde vak\u0131f hizmetleri y\u00fcr\u00fct\u00fclm\u00fc\u015f. O g\u00fcnlerden kalma k\u00fclt\u00fcr\u00fcm\u00fcze yans\u0131m\u0131\u015f. Biz de ad\u0131n\u0131 vakf\u0131m\u0131zda ya\u015fatmak istedik\u201d dedi.<\/p>\n<p>\u00a0<\/p>\n<figure>\n<figure>\u00a0 \u00a0 \u00a0 \u00a0 \u00a0 \u00a0 \u00a0 \u00a0 \u00a0 \u00a0 \u00a0 \u00a0 \u00a0 \u00a0 \u00a0 \u00a0 \u00a0 \u00a0 \u00a0 \u00a0 \u00a0 \u00a0 \u00a0 \u00a0 \u00a0 \u00a0 \u00a0 <img decoding=\"async\" class=\"alignnone size-medium wp-image-601\" src=\"https:\/\/ebuishak.org\/wp-content\/uploads\/2024\/01\/3-300x161.jpg\" alt=\"\" width=\"300\" height=\"161\" srcset=\"https:\/\/ebuishak.org\/wp-content\/uploads\/2024\/01\/3-300x161.jpg 300w, https:\/\/ebuishak.org\/wp-content\/uploads\/2024\/01\/3-768x412.jpg 768w, https:\/\/ebuishak.org\/wp-content\/uploads\/2024\/01\/3.jpg 820w\" sizes=\"(max-width: 300px) 100vw, 300px\" \/><\/figure>\n<p>\u00a0<\/p>\n<\/figure>\n<p>\u00a0 \u00a0 \u00a0 \u00a0 \u00a0 \u00a0 \u00a0 \u00a0 \u00a0 \u00a0 \u00a0 \u00a0 \u00a0 \u00a0 \u00a0 \u00a0 \u00a0 \u00a0 \u00a0 \u00a0 \u00a0 \u00a0 \u00a0 \u00a0 \u00a0 \u00a0 \u00a0 \u00a0 \u00a0 \u00a0<img decoding=\"async\" class=\"alignnone size-medium wp-image-604\" src=\"https:\/\/ebuishak.org\/wp-content\/uploads\/2024\/01\/33-300x281.jpg\" alt=\"\" width=\"300\" height=\"281\" srcset=\"https:\/\/ebuishak.org\/wp-content\/uploads\/2024\/01\/33-300x281.jpg 300w, https:\/\/ebuishak.org\/wp-content\/uploads\/2024\/01\/33.jpg 485w\" sizes=\"(max-width: 300px) 100vw, 300px\" \/><\/p>\n<p><!-- \/wp:gallery --><\/p>\n<p><!-- wp:paragraph --><\/p>\n<p><!-- \/wp:paragraph --><\/p>\t\t\t\t\t\t<\/div>\n\t\t\t\t<\/div>\n\t\t\t\t\t<\/div>\n\t\t\t\t<\/div>\n\t\t\t\t\t\t\t<\/div>\n\t\t","protected":false},"excerpt":{"rendered":"<p>Vakf\u0131n isminin \u00e7\u0131k\u0131\u015f \u00f6yk\u00fcs\u00fcn\u00fc de anlatan Vak\u0131f Ba\u015fkan\u0131 Mahmut Y\u0131lmaz, Vakf\u0131n \u0130smi \u201cEbu \u0130shak Kazeruni Hazretlerinden gelir. Bu zat \u0130ran b\u00f6lgesinde 600\u2019l\u00fc y\u0131llarda ya\u015fam\u0131\u015f. \u0130lk M\u00fcsl\u00fcmanlardan biri. Kendisini hay\u0131r i\u015flerine vakfetmi\u015f. Fakir fukaraya ula\u015fmak i\u00e7in hayat\u0131n\u0131 adam\u0131\u015f. Vak\u0131f adam\u0131 olarak bunlar\u0131 y\u00fcr\u00fctm\u00fc\u015f. Sonra ad\u0131yla Anadolu\u2019da bir\u00e7ok ilde vak\u0131f hizmetleri y\u00fcr\u00fct\u00fclm\u00fc\u015f. O g\u00fcnlerden kalma k\u00fclt\u00fcr\u00fcm\u00fcze yans\u0131m\u0131\u015f. [&hellip;]<\/p>\n","protected":false},"author":1,"featured_media":0,"parent":0,"menu_order":0,"comment_status":"open","ping_status":"open","template":"","meta":{"footnotes":""},"_links":{"self":[{"href":"https:\/\/ebuishak.org\/index.php\/wp-json\/wp\/v2\/pages\/14"}],"collection":[{"href":"https:\/\/ebuishak.org\/index.php\/wp-json\/wp\/v2\/pages"}],"about":[{"href":"https:\/\/ebuishak.org\/index.php\/wp-json\/wp\/v2\/types\/page"}],"author":[{"embeddable":true,"href":"https:\/\/ebuishak.org\/index.php\/wp-json\/wp\/v2\/users\/1"}],"replies":[{"embeddable":true,"href":"https:\/\/ebuishak.org\/index.php\/wp-json\/wp\/v2\/comments?post=14"}],"version-history":[{"count":14,"href":"https:\/\/ebuishak.org\/index.php\/wp-json\/wp\/v2\/pages\/14\/revisions"}],"predecessor-version":[{"id":610,"href":"https:\/\/ebuishak.org\/index.php\/wp-json\/wp\/v2\/pages\/14\/revisions\/610"}],"wp:attachment":[{"href":"https:\/\/ebuishak.org\/index.php\/wp-json\/wp\/v2\/media?parent=14"}],"curies":[{"name":"wp","href":"https:\/\/api.w.org\/{rel}","templated":true}]}}